 b = q + -172. Is b a prime number?
False
Suppose 0 = -11*j + 6*j + 50. Let p be 6/j - (-141)/15. Let l = 45 + p. Is l a prime number?
False
Suppose -7 = 3*h + 4*s, 2*s + 2 - 1 = -h. Let k(m) = 6*m**2 + 5*m - 4. Is k(h) prime?
False
Let f be (12/32)/(4/32). Suppose 741 = f*k - 0*k. Is k composite?
True
Let s(n) = -4*n**2 + 9*n + 12. Let a(k) = -3*k**2 + 10*k + 11. Let h(u) = -5*a(u) + 4*s(u). Suppose -4*v = -3*w + 37, 3*v + 9 = 2*v + w. Is h(v) a prime number?
False
Let a(h) = 45*h + 26. Suppose 10 = 3*z - z. Is a(z) composite?
False
Suppose -2*n - 3*z + 43351 = 12933, -2*z - 60836 = -4*n. Is n a prime number?
False
Suppose -5*v = 3*z + z + 13, -z - 2 = v. Suppose -z*s - s = 2044. Let b = s + 992. Is b a composite number?
True
Let h = -6770 - -12361. Is h a prime number?
True
Let u = 53145 + -32366. Is u composite?
True
Let s(m) = -29*m**2 + 24*m + 51. Let p be s(21). Is (p/24 - -2)/(6/(-16)) a composite number?
True
Let r be 389 + -5 - (5 + -1). Suppose -11*l = -9*l - r. Is 1*(-4 + 1 + l) prime?
False
Let k = -219 + 131. Suppose -612 = -3*p - p. Let w = p + k. Is w prime?
False
Suppose 3*j + i - 107 = -3*i, 2*j - 4*i - 38 = 0. Suppose -2*h + x + j = -h, 129 = 5*h - x. Is h composite?
True
Let r = -78 - -70. Is (r/10 - -1) + 76076/70 a composite number?
False
Suppose 0 = 2*g - 2*m - 3*m - 623, -5*g = 2*m - 1543. Suppose -2*q + 79 = -k - 76, 4*q - k = g. Is q prime?
False
Let o(r) = 3*r**2 + 12*r + 3049. Is o(0) composite?
False
Let q be (((-12)/(-7))/(8/28))/2. Suppose 708 = q*l - 3*a - 231, -l + 337 = 5*a. Is l composite?
False
Suppose -o + 23 = 26, -4318 = -5*w + o. Is w a prime number?
True
Let q(g) = 0*g**2 + 2*g - 7 - 50*g**3 - 5*g**2 - 6*g - 3*g. Let p(f) = 4*f + 13. Let x be p(-4). Is q(x) prime?
True
Let z = 7 - 4. Suppose -5438 = -4*f - 2*q, 0 = 5*f + z*q - 6*q - 6814. Is f prime?
True
Let k(c) be the first derivative of c**3/3 - c**2/2 + 2*c + 2. Let y be k(0). Suppose -5*w = -i + 324, -y*i + 5*w = 2*w - 613. Is i composite?
True
Let w be (-25 - -1)/((-63)/1302). Let v = w - 329. Is v composite?
False
Suppose -26*i = -24*i + 1010. Let o = 2427 + -1291. Let p = i + o. Is p a composite number?
False
Let m be ((-4)/2 - 4/2) + 3699. Suppose -4*h + 27461 = -m. Is h a composite number?
False
Suppose 361369 = 37*q - 20*q. Is q a prime number?
False
Let c(r) be the third derivative of 47*r**5/20 + r**4/24 - r**3/3 - 7*r**2. Let q be c(3). Is (q/2)/(1 + 0) prime?
False
Suppose 21*i - 1563 = 18*i. Suppose s - f = 663, 2*s + 3*f - 825 - i = 0. Is s a composite number?
True
Let g = -223 - -523. Suppose 0 = 3*r - 234 - g. Is r composite?
True
Let c be (-1)/10*-5*1*14394. Let k = -4952 + c. Is k a composite number?
True
Suppose -3*x - 3*x + 2232 = 0. Let p be (-758)/(-4) - (-2)/(-4). Suppose -4*g = -2*z + g + x, z = g + p. Is z composite?
False
Suppose 3*p = 4*n - n - 9, n - 2*p = 7. Let d be n/(0 + 3)*0. Suppose d = 5*s - s - 84. Is s a prime number?
False
Let x = -19 + 19. Suppose x = -4*w + 2*r + 84, 2*w + w - r = 64. Is w a prime number?
False
Let c = 38 + -37. Is 7 - (c + 4) - -9*239 prime?
True
Suppose 40109 = 13*t - 43962. Is t prime?
False
Let y be ((-10)/(-3))/((-5)/(-15)). Let r(h) = 46*h + 31. Is r(y) a composite number?
False
Suppose 13240 = 37*a - 32*a. Is (-12)/(-20) - a/(-20) a composite number?
True
Let l(a) = -5*a**3 + 5*a**2 - 6*a - 13. Suppose 4*f - c - 2 + 29 = 0, 0 = -4*f + 3*c - 33. Is l(f) a composite number?
False
Let v be (108/(-15))/(6/100). Suppose 9*z + 64 = -413. Let w = z - v. Is w a composite number?
False
Let p(b) be the second derivative of -b**3/2 + 3*b**2 + 9*b. Let t be p(-6). Is ((-32)/t)/(2/(-141)) a prime number?
False
Suppose -174*k + 179*k = 26615. Is k prime?
True
Let w(q) = q**2 + 8*q + 1. Let d = -77 + 67. Is w(d) prime?
False
Let v = 503 + 486. Is v a composite number?
True
Suppose -1292*s - 55066 = -1294*s. Is s a prime number?
False
Suppose 0 = 4*g - 4 - 12, 0 = -2*f + 2*g - 8. Suppose -48*s + 44*s + 508 = f. Is s a composite number?
False
Let f(x) = 9103*x + 8. Is f(1) a prime number?
False
Let k(s) = 1791*s + 64. Is k(3) a prime number?
True
Let p be (-548)/(-7) - (-5)/((-105)/6). Is p/(-4)*-6 + 6/(-3) a prime number?
False
Let a(x) = 2789*x**3 + x**2 + 2*x - 3. Is a(1) composite?
False
Is (-16)/28 - (-5 + (-213728)/56) composite?
False
Suppose 1 + 2 = -b. Let x be 5 - 2 - (1 + b). Suppose 13 = k - 4*f, -x*k + 0*f = -3*f - 150. Is k composite?
True
Let m(o) = 7*o**3 - 104*o**2 + 22*o - 22. Is m(25) prime?
False
Suppose 4*n - 102 = 29030. Is n a prime number?
True
Let m(n) = -n**3 - 12*n**2 - 16*n - 11. Let w be m(-11). Suppose -12*d = -7*d - 1515. Suppose l + w = d. Is l composite?
True
Suppose 10646 = 10*l - 29004. Suppose 0 = 3*z + 2*u - 2383, 5*z + 5*u - l = -0*z. Is z composite?
False
Let q(r) be the third derivative of 121*r**4/12 + r**3/6 + 5*r**2. Let g be q(-1). Let o = -84 - g. Is o a prime number?
True
Let y(d) = -2*d - 15. Let z be y(-7). Is 3*z*1*(-11546)/46 prime?
False
Is 7/(9/(-10671)*20/(-60)) composite?
True
Suppose 3*z + 0*z = -5*f + 4483, 0 = 3*f - 3*z - 2685. Suppose 0 = 2*w - f - 1902. Is w composite?
False
Let t(u) = 387*u**2 + 2*u + 5. Let p be t(3). Suppose p = 5*f + 709. Is f a composite number?
False
Is -3 + 5 - (-2434 - -2) composite?
True
Let w(d) = -8*d + 5. Let h be (6 + -6)/(2*1). Suppose 2*m + 27 = -3*n, h = 5*m - 3*n - 0*n + 36. Is w(m) composite?
True
Let x(v) = 122*v - 83. Is x(6) a prime number?
False
Is (-23704)/(-16) - ((-45)/(-10) - 4) a composite number?
False
Let n be (-219)/(-7) + 4/(-14) + 1. Suppose -n*l + 34*l - 1594 = 0. Is l a prime number?
True
Let w(r) be the second derivative of -r**5/20 + 2*r**4/3 - 4*r**3/3 - r**2 - 7*r. Let c be w(6). Let z = c + -9. Is z a prime number?
True
Let l(o) = o**2 + 9*o - 6. Let a be l(-10). Is (-2 + 1)*1 + 1640/a a composite number?
False
Suppose 0 = z + 4*z - 50. Let y = -105 - -24. Is y/(-1) + z/5 a prime number?
True
Is (-4 - -5)/((-4)/(-189796)) prime?
False
Suppose 3*x = -4*b + 9019, -b - 2565 = -x + 453. Is x composite?
True
Suppose 4*d + 4 = 0, 7*q = 2*q - d + 25644. Is q prime?
False
Is (-1)/(-2)*1939058/53 a composite number?
True
Let h be -535*(10/25 + -2). Let p = -445 + h. Is p a composite number?
True
Suppose 0 = -4*s - t + 172124, 3*s + 14*t = 9*t + 129093. Is s prime?
False
Let v(x) = -x**3 - x**2 + 2*x - 3. Suppose 0 = -0*z - 4*z + 28. Suppose z*u = 5*b + 2*u + 15, -b = 4*u + 13. Is v(b) a prime number?
False
Let j(p) = -10 + 7 - p + 0. Let y be j(-7). Suppose y*q = k - 493, 8*q = -3*k + 4*q + 1495. Is k a prime number?
False
Let m(j) = j**3 - 7*j**2 - 11*j + 7. Let p be m(4). Let f be -183*(-4)/18*3. Let o = f + p. Is o prime?
True
Suppose -1709490 = -87*p + 81*p. Is p a composite number?
True
Let v(b) be the first derivative of 35*b**4/2 + b**3/3 + b**2/2 + b + 2. Let c be v(-1). Let a = c + 138. Is a composite?
True
Let c = -28 + 32. Suppose 2*z - 406 = b, 4*z + 217 = 5*z - c*b. Is z a prime number?
False
Suppose -150*i + 152*i = -4*t + 56410, -t - 84636 = -3*i. Is i a prime number?
True
Suppose 2*n - 65924 = -11*r + 6*r, r - 65916 = -2*n. Is n a composite number?
False
Let l(f) = 8*f - 6. Let z be l(2). Suppose -21*u + z*u + 11341 = 0. Is u a composite number?
False
Let i(h) = h**3 - 16*h**2 - 17*h - 8. Let q be i(15). Let l be 3*1/((-6)/q). Suppose l + 178 = 2*x. Is x composite?
False
Let j = 10740 + -733. Is j composite?
False
Suppose 0 - 5 = -5*h. Let j be h/(-5) - (-42)/10. Suppose -k + j*k - 1467 = 0. Is k prime?
False
Let k(l) = l**3 - 12*l**2 + 18*l + 21. Let z be k(14). Suppose 0*u = 3*u - 4*w - z, 3*u - 3*w - 660 = 0. Is u a prime number?
False
Let q(p) = 3*p + 6. Let f be q(6). Let w be (f/(-9))/(2/(-6)). Suppose w*i - 7*i - 21 = 0. Is i a composite number?
True
Let o = 2267 - 1472. Let r = -727 + 1268. Let k = o - r. Is k a composite number?
True
Let o be 2/3*(-45 - 9). Let h be (4/(-3))/(16/o). Suppose 4*p - h*p = 445. Is p a composite number?
True
Suppose 4*j - 39848 = -4*y, -2*j - 29921 = -5*j + 4*y. Is j composite?
False
Let n(c) = 2*c**2 + 6*c + 7. Suppose 3*j - 3*u - 21 = 0, 2*j - 11 = 5*u + 15. Suppose -6*m - 36 = -j*m. Is n(m) composite?
False
Suppose -3*j + 429 + 1713 = 0. Let s = 437 + j. Is s composite?
False
Suppose -4460 = -5*g - 0*g. Let f be (92/(-69))/((2 + -3)/(-9)).